ulate the greatest common factor of 920 and 228824.
8
What is the greatest common factor of 4602264 and 44522?
226
Calculate the highest common factor of 44 and 27603136.
44
What is the highest common divisor of 14362 and 827922?
86
What is the greatest common factor of 22614 and 227274?
6
What is the greatest common divisor of 20957 and 6961033?
1103
What is the greatest common factor of 1690 and 191308?
338
Calculate the highest common divisor of 410904 and 6453.
9
Calculate the greatest common factor of 34827 and 529549.
893
What is the greatest common divisor of 18436 and 25418635?
4609
Calculate the highest common factor of 1489287 and 237.
3
What is the greatest common factor of 147 and 1450953?
21
Calculate the greatest common factor of 1798446 and 3822.
78
Calculate the highest common factor of 103158 and 8100.
18
Calculate the highest common divisor of 4606385 and 2905.
35
Calculate the greatest common divisor of 92413161 and 4365.
873
What is the greatest common factor of 9 and 72797559?
3
What is the greatest common divisor of 11 and 440303424?
11
What is the highest common divisor of 3056125 and 17250?
2875
What is the greatest common divisor of 22704 and 19791696?
2064
What is the greatest common factor of 162 and 332725887?
81
Calculate the greatest common divisor of 5253 and 1373083421.
1751
What is the highest common factor of 297514 and 377138?
538
What is the highest common factor of 195 and 18592431?
39
What is the highest common divisor of 23 and 536383?
23
What is the greatest common factor of 221888 and 8384?
64
What is the greatest common factor of 5760 and 2674800?
720
Calculate the highest common divisor of 657 and 20612499.
219
What is the highest common divisor of 933568 and 736?
32
What is the greatest common divisor of 122365 and 305?
5
Calculate the greatest common factor of 24 and 9216150.
6
Calculate the greatest common factor of 134966063 and 57.
19
What is the highest common factor of 27910 and 946970?
10
What is the greatest common factor of 91 and 5803?
7
Calculate the highest common factor of 111750 and 6047250.
750
What is the greatest common divisor of 889980 and 3780?
420
What is the greatest common divisor of 4719866 and 928?
58
Calculate the highest common factor of 22786168 and 361.
19
What is the highest common factor of 8 and 370419240?
8
What is the highest common factor of 6809478 and 2652?
78
Calculate the highest common factor of 456280 and 19295.
85
What is the highest common factor of 2505 and 57071415?
2505
What is the greatest common factor of 29976790 and 33334?
4762
What is the highest common divisor of 55500 and 42772?
148
What is the highest common factor of 1242102 and 318?
6
What is the greatest common divisor of 1867063 and 33?
11
Calculate the highest common divisor of 12012 and 2668666.
2002
What is the greatest common divisor of 28611 and 123271794?
2601
Calculate the greatest common factor of 21 and 268653959.
7
Calculate the greatest common factor of 2593691638 and 74.
74
Calculate the highest common divisor of 282 and 7304834.
94
Calculate the highest common factor of 350 and 54994.
2
What is the highest common factor of 3737 and 17116126?
37
Calculate the greatest common factor of 1162 and 391566.
14
What is the greatest common factor of 6862 and 366434231?
3431
What is the highest common factor of 6184192 and 18032?
784
What is the greatest common factor of 215628 and 9377319?
357
Calculate the greatest common divisor of 6938082 and 108.
54
What is the greatest common divisor of 864639 and 492886?
4177
What is the greatest common factor of 2285139715 and 410?
205
Calculate the greatest common divisor of 11 and 394182833.
11
What is the highest common factor of 2292 and 9151596?
12
Calculate the greatest common divisor of 3859 and 21181370.
227
What is the highest common divisor of 25488432 and 432?
432
What is the highest common factor of 4553724 and 348?
12
What is the greatest common factor of 24 and 531424644?
12
What is the highest common factor of 33532101 and 666?
333
Calculate the greatest common factor of 7 and 2365531.
7
Calculate the greatest common factor of 21587977 and 41412.
493
Calculate the greatest common divisor of 8400 and 38602480.
560
What is the highest common factor of 748493390 and 20?
10
What is the highest common factor of 122190415 and 485?
485
What is the greatest common factor of 1599 and 6957741?
123
Calculate the greatest common factor of 2017994678 and 28.
14
Calculate the highest common factor of 315511 and 185171.
49
Calculate the highest common divisor of 420912 and 283383.
333
What is the highest common divisor of 22636 and 760988366?
11318
What is the greatest common divisor of 610 and 2449910?
10
What is the highest common divisor of 5334888 and 3744?
312
What is the highest common factor of 17198506 and 156?
26
Calculate the highest common factor of 12 and 15587108.
4
Calculate the greatest common divisor of 445952 and 141504.
4288
Calculate the highest common factor of 350 and 51506.
14
What is the highest common factor of 4 and 626651252?
4
Calculate the highest common factor of 27070952 and 16984.
1544
What is the highest common factor of 80 and 65532660?
20
What is the greatest common divisor of 156922506 and 234?
234
What is the highest common divisor of 399764170 and 104?
26
What is the highest common divisor of 50 and 12734425?
25
What is the greatest common divisor of 153378583 and 1159?
1159
What is the greatest common factor of 63 and 36916698?
21
What is the highest common factor of 37518 and 439400?
338
Calculate the greatest common divisor of 6399 and 7690176.
711
Calculate the highest common factor of 22 and 265778832.
22
What is the greatest common divisor of 1099164 and 11132?
484
What is the highest common divisor of 183 and 72651?
183
Calculate the greatest common divisor of 62841589 and 92.
23
Calculate the greatest common factor of 1504492 and 358391.
341
What is the greatest common factor of 3585 and 4239975?
15
Calculate the highest common factor of 17584 and 98322192.
2512
What is the greatest common factor of 240 and 1742196?
12
What is the highest common divisor of 1572943728 and 228?
228
What is the greatest common factor of 2279 and 281693?
43
What is the greatest common factor of 8463402 and 966?
138
What is the highest common divisor of 24160175 and 130?
65
Calculate the highest common divisor of 70120632 and 39300.
1572
Calculate the greatest common factor of 1996845 and 387180.
3585
Calculate the highest common factor of 267810 and 1585390.
1130
What is the highest common divisor of 2556 and 85333977?
639
Calculate the greatest common divisor of 92001370 and 10.
10
What is the greatest common divisor of 4735344 and 18048?
2256
Calculate the greatest common factor of 20280056 and 16.
8
What is the greatest common factor of 433592 and 86984?
664
What is the greatest common divisor of 142315026 and 14?
14
Calculate the greatest common factor of 13860 and 26524806.
462
Calculate the highest common divisor of 130 and 6203950.
10
Calculate the highest common divisor of 1253856 and 8825.
353
Calculate the greatest common factor of 34415 and 1415.
5
What is the highest common factor of 997324 and 66132?
668
Calculate the greatest common divisor of 3053040 and 2160.
240
What is the greatest common factor of 382524 and 156972?
1524
Calculate the highest common divisor of 2041 and 20950237.
157
Calculate the highest common factor of 1128 and 7485173.
47
Calculate the greatest common divisor of 1449250 and 4643397.
5797
Calculate the greatest common divisor of 218229426 and 36.
18
What is the highest common divisor of 13735090 and 30?
10
What is the highest common factor of 1605 and 1906530?
15
Calculate the highest common factor of 295 and 107284715.
295
Calculate the greatest common divisor of 44477404 and 296.
148
What is the greatest common factor of 6247546 and 2?
2
Calculate the highest common divisor of 550 and 289848350.
550
What is the greatest common divisor of 1058 and 13050959?
529
What is the greatest common divisor of 80 and 22181360?
80
What is the greatest common factor of 15784356 and 588?
84
What is the highest common divisor of 107 and 139757515?
107
Calculate the highest common divisor of 12140 